er?
True
Let h(g) = -8*g**3 - 8 + 6*g**3 - 17*g**2 + 15 - 5*g. Let k be h(-13). Suppose -583 + k = 5*z. Is z a prime number?
False
Let q = 2395 - 14817. Let b = 27219 + q. Is b composite?
False
Let a(j) = -3566*j - 633. Is a(-40) composite?
False
Let d(z) = 37*z**3 - 10*z**2 - 37*z + 29. Is d(14) a composite number?
False
Let n = 24 - 35. Let v(d) be the first derivative of -24*d**2 + 13*d + 122. Is v(n) a prime number?
True
Suppose 8*b + 777042 = 10*b - 4*l, 3*l - 1165518 = -3*b. Is b a composite number?
True
Let m be 4/6*(1 - -8). Suppose 2*f - 4157 = -g, 4*f - 16616 = m*g - 10*g. Is g a prime number?
False
Suppose -305 = 5*j + f, 2*j - 2*f = -0*j - 110. Let i = j - -33. Is (-29949)/i + (-4)/18 + 2 prime?
False
Suppose -127310 = -13*p + 138891. Is p a composite number?
False
Suppose 2*u + 242912 = 18*u. Suppose 4*b - 60743 = 3*j, j + 2*j = -b + u. Is b a prime number?
False
Let h = 151 - 91. Let d be 160/h*(-3)/(-4). Suppose -3*w - 2*w - d*f + 1873 = 0, f - 377 = -w. Is w prime?
True
Let h(n) = -2161*n - 5731. Is h(-14) prime?
False
Let b(m) = -10*m + 2*m + 2 + 7*m + 0. Let a be b(8). Is (-5340)/(-28) - a/21 a prime number?
True
Suppose -5*j = -2*t + 31643 - 125286, -j - 3*t = -18715. Is j a prime number?
False
Let i = 5119 - 1726. Let s be (-357)/(-34)*6/9. Suppose 44 + i = s*d. Is d composite?
False
Let k = -26 + 37. Suppose -k*u + 12088 = -3*u. Is u a prime number?
True
Let p be (-9)/(-6)*2/(-3). Let x be p/((-1)/3) - 1937. Let b = -976 - x. Is b a composite number?
True
Let v = 1095 - 2645. Let c = v + 832. Let m = 1269 + c. Is m prime?
False
Is (-7)/(-2) + (-10281294)/(-68) composite?
True
Let a(n) = n**3 + 26*n**2 - 14*n - 32. Let q(z) = z**2 - z. Let r(h) = a(h) - 2*q(h). Is r(-21) composite?
False
Let g = 96 + -72. Suppose -2*f = 5*z - 6 - 16, 5*f - 3*z = g. Suppose -489 = -3*d + 2*l, f*d - 4*d - 326 = 2*l. Is d prime?
True
Let t(z) = 161*z**2 + 24*z + 125. Is t(-18) a composite number?
True
Let i = 86 + 251. Suppose -9*f + 3920 = -i. Is f a prime number?
False
Suppose 2*z - 24*p - 11255 = -21*p, -z + 2*p = -5624. Is z composite?
True
Let n(u) = 2553*u**3 + 2*u**2 - 4*u + 3. Let t be n(1). Let l = 6112 - t. Suppose 4*i - 5*i - q = -1779, 4*q = 2*i - l. Is i prime?
False
Let b = -105 - -193. Suppose 2*j - 5*x = 43, -3*j + 24 = 2*x - b. Is j prime?
False
Suppose -t + w = 4 - 5, -3*t - 2*w - 22 = 0. Is 8/(448/106104) + t/(-14) a composite number?
True
Let x(w) = 61*w**2 + 26*w + 31. Let u be x(-16). Suppose 3*c = 0, 3*z + 8*c = 6*c + u. Is z a prime number?
True
Let s(z) = -12201*z + 2599. Is s(-12) a prime number?
True
Let b(h) = 33*h + 13. Let s = -86 - -134. Let o = s + -42. Is b(o) prime?
True
Let u(k) = -k - 3. Let f(p) = -28*p - 212. Let q(y) = f(y) - 3*u(y). Is q(-22) prime?
True
Suppose -2*f + 13 = s, 5*s - 9 = f + 3*f. Is (s - 6)/((-1)/1363) a composite number?
True
Let d = 139 - 137. Suppose 14 = d*l + 20, -5*w + 4*l = -1477. Is w a prime number?
True
Let s = -335 + 754. Is s a composite number?
False
Let i = 14 + -100. Let f = i + 42. Let a = -19 - f. Is a a composite number?
True
Suppose -85*h + 1711303 = -155*h + 81*h. Is h prime?
False
Suppose 4*b - 5*b - 3*r - 2562 = 0, -5*b - 12828 = -3*r. Let z = b + 12626. Is z composite?
False
Suppose 0 = 5*u, 3*u = b + b - 3156. Let w = 4159 - b. Is w a composite number?
True
Let z(d) = -3*d - 1. Let b be z(-1). Suppose -5*o - b*o = 0. Suppose 646 = -0*l + 2*l + 3*w, o = 5*l - 3*w - 1573. Is l a composite number?
False
Let p = 71 - 71. Suppose 4 = 4*q - p. Is 1 - -1 - (-296 + q + 4) prime?
True
Let r(t) = 55*t**3 - 22*t + 184. Is r(11) prime?
False
Suppose 0 = -3*n + 15, -17*l + 14*l + 4*n + 13600 = 0. Let c = -737 + l. Is c prime?
True
Is ((-1)/(-2) - 1)/((-2)/(-8)) - -139959 a composite number?
True
Suppose -b + 44965 = 3*l, -2*b = 93*l - 88*l - 89926. Is b a prime number?
True
Let l = -324 + 277. Is 1 - -3 - (-22034 - l) a composite number?
False
Suppose 3*a - 4*g = 2233087, -2*g + 149 = 163. Is a a prime number?
True
Suppose -18*r - 3064 = -22*r. Suppose -2*i = -3*j - 1163, 0 = j + 2*i + 67 + 318. Let f = j + r. Is f a prime number?
True
Suppose -2*b - 56*z = -60*z - 83534, -3*b + z + 125291 = 0. Is b prime?
False
Suppose 0 = -7*d - 49 - 35. Is 10965717/693 - d/(-22) prime?
True
Let x(m) = m**3 - 7*m**2 + 2*m - 10. Let b(r) = 5*r - 3. Let h be b(2). Let a be x(h). Suppose q = 2*u + 135, -a*u - 213 - 196 = -3*q. Is q composite?
False
Let c(r) = 323*r - 21. Let w(n) = -2*n. Let k(d) = c(d) + 3*w(d). Is k(10) prime?
False
Let b(o) = -o**3 + 5*o**2 + 20*o + 34. Let x be b(8). Is (5 - x/2) + 9531 prime?
False
Let h(b) = b**2 - 5*b + 11. Let k be h(4). Suppose -3*f = 2*d - 21371, -14258 = k*f - 9*f - 4*d. Is f composite?
False
Let m = 29387 + -20188. Is m composite?
False
Suppose -v - 4*v = 16550. Suppose 9*c = -92 + 65. Is (c - -6)*(-3)/(-3) - v a prime number?
True
Is 21 - 47/(517/(-416108)) composite?
True
Suppose 0*m = 2*z - 4*m + 4, 0 = z + 3*m - 3. Suppose z = -3*p + 5*o - 1415, 0*p + 2*p - 5*o = -935. Let j = 182 - p. Is j a composite number?
True
Let s(l) = 256*l - 19. Suppose o + 5*h = -7 + 1, 0 = -3*o + 2*h + 16. Suppose 5*j = 5*p - 30, -j - o*j - 9 = 2*p. Is s(p) prime?
False
Let k be ((-8)/3)/((-1)/(-3)*1). Let a be (-4 - k) + -11 - -4. Let m(g) = 36*g**2 - 6*g - 5. Is m(a) a prime number?
True
Suppose -14468 = 6*l - 4076. Let y = 4235 + l. Is y a composite number?
False
Suppose -15*y + 1990 = -5*y. Suppose 5*b - 5*d = 3399 - y, -3*b + 1925 = -4*d. Is b a composite number?
True
Let l(o) = -13*o**2 + 32*o**3 - o + 3*o + 1 + 9*o - 4*o. Is l(6) prime?
False
Suppose f = -4*f - 14195. Let v = f + 9559. Suppose 5*c = -h + 1659, 5*c + v = 4*h + 4*c. Is h composite?
True
Let q = -689 + -51. Let y = q - -2301. Is y prime?
False
Let y be (-6)/4 + (-1908)/(-8). Suppose -j + 2*u = -y, 4*u + 1 + 3 = 0. Is j a prime number?
False
Let h = 37447 - 13490. Is h a composite number?
False
Suppose -2*n + 3806 = 4*m, 19*m + 5705 = 3*n + 23*m. Let j be 259/(6/8 + -1). Let p = j + n. Is p a composite number?
False
Let o(q) = -47*q**2 - 3*q + 9. Let s be o(3). Let w(r) = -3*r**2 - 2*r - 166. Let a be w(0). Let x = a - s. Is x a prime number?
True
Let a = -468 - -7744. Let r(n) = n**3 + 12*n**2 + 51*n + 23. Let i be r(-20). Let v = a + i. Is v a prime number?
True
Let g(i) = 11*i + 80. Let q be g(-7). Suppose -1613 - 2596 = -q*o. Is o composite?
True
Let p = 458417 + -136870. Is p prime?
True
Let a = 2974 - -19717. Is a a composite number?
False
Let q be (8*(-375)/(-6))/(11 - 9). Let l(b) = -b**3 + 5*b**2 + b. Let h be l(5). Suppose -h*d + 2467 = -t, 0 = -d - 5*t + q + 233. Is d composite?
True
Suppose -5*m - 22 = -x, 3*x + 12*m + 14 = 7*m. Suppose -16450 = -x*f - 5268. Is f prime?
True
Let f(a) = -a**3 - 2*a**2 + a - 9. Let u be f(-4). Let d(h) = 9*h**2 - 9*h - 7. Is d(u) a prime number?
False
Let b(g) = -g**3 + 11*g**2 + 9*g + 24. Let y be b(10). Let q = y - 51. Is q a composite number?
False
Let u(q) = 105*q - 28. Suppose 8 = -4*r - 4*j, 0 = -r + j - 6*j - 10. Suppose r = -0*v + 4*v - 52. Is u(v) prime?
False
Suppose 4*z + 20 = 0, 22*f - 26*f - 4*z - 284 = 0. Is 3981 - (2/(-2) + f/(-22)) a prime number?
False
Let o(a) be the second derivative of -19*a**4/12 + a**3/2 + 2*a**2 + 2*a. Let z be o(-1). Is (-4)/z - 3196/(-36) a composite number?
False
Let x = -8284 + 8284. Let u(t) = -t + 2. Let j be u(-3). Is (x - (-2762)/10)*j a composite number?
False
Let s be 1/((-100)/35 - -3). Is s/((-105)/(-6)) - (-94527)/45 composite?
True
Let l(g) = g**3 + 10*g**2 + 14*g. Let q be l(-6). Let x be 142/(-20) + 6/q. Let a(f) = -2*f**3 + 2*f**2 - 2*f - 5. Is a(x) a composite number?
True
Let y be (-3388)/(-55) + (-4)/(-10). Suppose 7*t = -y - 43. Is (3 - (3 + -3))*(-5045)/t a prime number?
True
Let w be 0 + 10/(-2)*(-3)/5. Let d be (w - (-3 - -2)) + -4. Suppose -5*a - 2*b + 1732 = -3*b, d = 2*a + 4*b - 706. Is a a composite number?
False
Suppose 4*g - 145528 = -4*c, 5*c + 197950 - 52449 = 4*g. Is g prime?
False
Let b(l) = -956*l + 702. Is b(-5) a composite number?
True
Suppose s - 2*y = -14, -5*y = -4*s + 1 - 42. Let g(z) = -13*z**3 + 6*z**2 + 7*z + 7. Let w be g(s). Let q = 1288 - w. Is q a prime number?
False
Let b(m) = -m**3 - 6*m**2 + 12*m + 13. Let y be b(-7). Let q = -22 - y. Let s(d) = -2*d + 163. Is s